{"id":48,"date":"2021-11-27T07:52:02","date_gmt":"2021-11-27T07:52:02","guid":{"rendered":"https:\/\/legalortega.com\/nexo\/?page_id=48"},"modified":"2022-07-29T17:22:26","modified_gmt":"2022-07-29T17:22:26","slug":"quienes-somos","status":"publish","type":"page","link":"https:\/\/legalortega.com\/nexo\/quienes-somos\/","title":{"rendered":"Quienes Somos"},"content":{"rendered":"\n<h2 class=\" eplus-wrapper wp-block-heading\">Quienes Somos<\/h2>\n\n\n<p class=\"has-drop-cap has-text-align-left has-regular-font-size eplus-wrapper eplus-styles-uid-24b8d8\">Somos una empresa enfocada en el impulso del emprendimiento. Ofrecemos a nuestros clientes emprendedores, la posibilidad de crear su empresa, mediante el asesoramiento, la orientaci\u00f3n y direccionamiento. Conocemos el funcionamiento de las diferentes empresas, sus imposiciones fiscales y las regulaciones a las cuales est\u00e1n sometidas. Nexo cuenta con el apoyo de nuestro Bufete O&amp;O Abogados, el que, con m\u00e1s de 25 a\u00f1os de trabajo, ha acumulado experiencia diversa suficiente para la asesor\u00eda en estas \u00e1reas.<\/p>\n\n\n<p class=\" eplus-wrapper\"><\/p>\n\n\n\n<hr class=\"is-style-wide wp-block-separator aligncenter has-alpha-channel-opacity eplus-wrapper\"\/>\n\n\n<div class=\"wp-block-columns eplus-wrapper is-layout-flex wp-container-core-columns-is-layout-1 wp-block-columns-is-layout-flex eplus-styles-uid-fc65e3\">\n<div class=\"wp-block-column eplus-wrapper is-layout-flow wp-block-column-is-layout-flow\">\n<h2 class=\" eplus-wrapper wp-block-heading\"><strong>Misi\u00f3n: <\/strong><\/h2>\n\n\n<p class=\" eplus-wrapper eplus-styles-uid-24b8d8\">Somos una entidad dedicada a promover el emprendimiento y a facilitar conocimiento, herramientas y servicios relacionado con el mismo. Estamos enfocados en generar oportunidades a quienes no pueden e impulsar mejores pr\u00e1cticas de vida, y m\u00e1s aut\u00f3nomas y satisfactorias<\/p><\/div>\n\n\n\n<div class=\"wp-block-column eplus-wrapper is-layout-flow wp-block-column-is-layout-flow\">\n<h2 class=\" eplus-wrapper wp-block-heading\"><strong>Visi\u00f3n: <\/strong><\/h2>\n\n\n<p class=\" eplus-wrapper eplus-styles-uid-24b8d8\">Seremos para el 2030, un centro de emprendimiento especializado en conocimiento, practica y gesti\u00f3n de negocios, que ofrezca todo tipo de asistencia, asesor\u00eda y oportunidades de negocios a los afiliados, especialmente enfocados en el cambio social de mentalidad ciudadana sobre los negocios<\/p><\/div>\n<\/div>\n\n\n<p class=\" eplus-wrapper\"><\/p>\n\n\n\n<h2 class=\" eplus-wrapper wp-block-heading\">EQUIPO<\/h2>\n\n\n\t<!-- wpshopmart team builder wrapper -->\r\n\t<div class=\"wpsm_team_2_b_row\" id=\"wpsm_team_2_b_row_85\">\r\n\t\t<div class=\"wpsm_row\">  \r\n\t\t\t<style>\r\n\t\t\t#wpsm_team_2_b_row_85 .wpsm_team_2_member_wrapper_inner h3{\r\n\t\t\t\tcolor:#000000 !important;\r\n\t\t\t\tfont-size:18px !important;\r\n\t\t\t\tfont-family:Open Sans !important;\r\n\t\t\t}\r\n\t\t\t\r\n\t\t\t#wpsm_team_2_b_row_85 .wpsm_team_2_b_desig{\r\n\t\t\t\tcolor:#000000 !important;\r\n\t\t\t\tfont-size:14px !important;\r\n\t\t\t\tfont-family:Open Sans !important;\r\n\t\t\t}\r\n\t\t\t#wpsm_team_2_b_row_85 .wpsm_team_2_b_desc{\r\n\t\t\t\tcolor:#000000 !important;\r\n\t\t\t\tfont-size:14px !important;\r\n\t\t\t\tfont-family:Open Sans !important;\r\n\t\t\t}\r\n\t\t\t#wpsm_team_2_b_row_85 .wpsm_team_2_social_div a i{\r\n\t\t\t\tcolor:#4f4f4f !important;\r\n\t\t\t\tborder-color:#4f4f4f !important;\r\n\t\t\t}\r\n\t\t\t#wpsm_team_2_b_row_85 .wpsm_team_2_member_wrapper{\r\n\t\t\t\tbackground:#ffffff !important;\r\n\t\t\t}\r\n\t\t\t\t\t\t<\/style>\r\n\t\t\t\t\t\t \r\n\t\t\t\t\t\r\n\t\t\t\t\t\r\n\t\t\t\t\t<div class=\"wpsm_col-md-6 wpsm_col-sm-6  wpsm-col-div\">\r\n\t\t\t\t\t\t<div class=\"wpsm_team_2_member_wrapper\">\r\n\t\t\t\t\t\t\t<img decoding=\"async\" class=\"img-responsive wpsm_team_2_mem_img\" src=\"https:\/\/legalortega.com\/nexo\/wp-content\/uploads\/2021\/12\/Ab-Carlos-Ortega-e1639383684423.png\" alt=\"Abogado Carlos Ortega\">\r\n\t\t\t\t\t\t\t<div class=\"wpsm_team_2_member_wrapper_inner\">\r\n\t\t\t\t\t\t\t\t<h3>\r\n\t\t\t\t\t\t\t\t\tAbogado Carlos Ortega\t\t\t\t\t\t\t\t<\/h3>\r\n\t\t\t\t\t\t\t\t<span class=\"wpsm_team_2_b_desig\"> Director Grupo Legal Ortega <\/span> \t\t\t\t\t\t\t\t<div class=\"wpsm_team_2_social_div\">\r\n\t\t\t\t\t\t\t\t\t\t\t\t\t\t\t\t\t\t\t\t\t\t\t\t\t\t\t\t\t\t\t\t\t\t\t\t\t\t\t\t\t\t\t\t<\/div>\r\n\t\t\t\t\t\t\t\t<p class=\"wpsm_team_2_b_desc\"> Telefono: 9987-3458\r\nEmails: carlossiou@hotmail.com \r\ncarlos.ortega@legalortega.com <\/p> \t\t\t\t\t\t\t\t\r\n\t\t\t\t\t\t\t<\/div>\r\n\t\t\t\t\t\t<\/div>\r\n\t\t\t\t\t<\/div>\r\n\t\t\t\t\t\r\n\t\t\t\t\t\t\t\t\t\t\t\t\r\n\t\t<\/div>\r\n\t<\/div>\r\n\r\n\t\n\n\n\n<div class=\"wp-block-group eplus-wrapper\"><div class=\"wp-block-group__inner-container is-layout-flow wp-block-group-is-layout-flow\"><\/div><\/div>\n","protected":false},"excerpt":{"rendered":"<p>Quienes Somos Somos una empresa enfocada en el impulso del emprendimiento. Ofrecemos a nuestros clientes emprendedores, la posibilidad de crear su empresa, mediante el asesoramiento, la orientaci\u00f3n y direccionamiento. Conocemos el funcionamiento de las diferentes empresas, sus imposiciones fiscales y las regulaciones a las cuales est\u00e1n sometidas. Nexo cuenta con el apoyo de nuestro Bufete [&hellip;]<\/p>\n","protected":false},"author":1,"featured_media":0,"parent":0,"menu_order":0,"comment_status":"closed","ping_status":"closed","template":"","meta":{"editor_plus_copied_stylings":"{}","footnotes":""},"class_list":["post-48","page","type-page","status-publish","hentry"],"_links":{"self":[{"href":"https:\/\/legalortega.com\/nexo\/wp-json\/wp\/v2\/pages\/48"}],"collection":[{"href":"https:\/\/legalortega.com\/nexo\/wp-json\/wp\/v2\/pages"}],"about":[{"href":"https:\/\/legalortega.com\/nexo\/wp-json\/wp\/v2\/types\/page"}],"author":[{"embeddable":true,"href":"https:\/\/legalortega.com\/nexo\/wp-json\/wp\/v2\/users\/1"}],"replies":[{"embeddable":true,"href":"https:\/\/legalortega.com\/nexo\/wp-json\/wp\/v2\/comments?post=48"}],"version-history":[{"count":25,"href":"https:\/\/legalortega.com\/nexo\/wp-json\/wp\/v2\/pages\/48\/revisions"}],"predecessor-version":[{"id":271,"href":"https:\/\/legalortega.com\/nexo\/wp-json\/wp\/v2\/pages\/48\/revisions\/271"}],"wp:attachment":[{"href":"https:\/\/legalortega.com\/nexo\/wp-json\/wp\/v2\/media?parent=48"}],"curies":[{"name":"wp","href":"https:\/\/api.w.org\/{rel}","templated":true}]}}